e 2, what is 111001010010110100 + -10001011?
111001010000101001
In base 13, what is -87a828 + -1?
-87a829
In base 9, what is 58 - -8340116?
8340175
In base 3, what is 112121021020120 + -10?
112121021020110
In base 10, what is -17 - 11948762?
-11948779
In base 7, what is -1 + -1362360621?
-1362360622
In base 10, what is -5584922 - -5?
-5584917
In base 4, what is 11020312230120 - -1?
11020312230121
In base 4, what is 1011321132 + 1?
1011321133
In base 9, what is 14332 + 21114?
35446
In base 13, what is c3 + -7117c8?
-711705
In base 14, what is 16b757b5 + -2?
16b757b3
In base 5, what is -41221 + -22002?
-113223
In base 15, what is -162b0db + 0?
-162b0db
In base 5, what is 3 - -11044412104?
11044412112
In base 2, what is 10001110 + 100011101001101110?
100011101011111100
In base 13, what is 30c544 + -2c0?
30c254
In base 5, what is 1 - 1224003342?
-1224003341
In base 4, what is 12123312 - -222?
12130200
In base 13, what is -6342314 - 4?
-6342318
In base 11, what is -413000 - 1?
-413001
In base 4, what is -2000311301 - -213?
-2000311022
In base 2, what is 10001 - 10100010100001100011010?
-10100010100001100001001
In base 16, what is 4 - 15a829?
-15a825
In base 7, what is 5210113 - 20?
5210063
In base 12, what is -36b - -5606?
5257
In base 10, what is 4 - -2234214?
2234218
In base 11, what is -125 - 4608?
-4732
In base 6, what is 230254055 + 15?
230254114
In base 9, what is -652 + -64551?
-65313
In base 3, what is -2110122210101221 - 11?
-2110122210102002
In base 3, what is 200221122010 + -21020?
200221100220
In base 12, what is -1 - -2b1a56b?
2b1a56a
In base 10, what is -12809719 - -4?
-12809715
In base 15, what is -17 - 4a593?
-4a5aa
In base 8, what is 231 - 16022?
-15571
In base 4, what is 2122333 - -1231130?
10020123
In base 14, what is -5 + 1a7038?
1a7033
In base 7, what is -121545 + -540?
-122415
In base 5, what is -134213 - 4310?
-144023
In base 5, what is 1303001 - 4044?
1243402
In base 8, what is -11 - 64675624?
-64675635
In base 13, what is 0 - -83575b?
83575b
In base 5, what is 404 + 1111033421?
1111034330
In base 7, what is -1562435 - 102?
-1562540
In base 5, what is -1 - 113314013411?
-113314013412
In base 6, what is -21505114 - -11?
-21505103
In base 8, what is 466617 + 205?
467024
In base 6, what is 2023 + 31200502?
31202525
In base 7, what is 55325052 + 1?
55325053
In base 2, what is 101111010 + 100010011011111011?
100010100001110101
In base 6, what is 114234144 + 113?
114234301
In base 2, what is 11 - 1101010101001011010010111?
-1101010101001011010010100
In base 8, what is 10543223 + -3?
10543220
In base 3, what is 2101001112 - 211112?
2100020000
In base 6, what is -1233244 + -34?
-1233322
In base 12, what is 781b9 + -6?
781b3
In base 15, what is -63b - 6b85?
-72c1
In base 12, what is -5 - 4179a88?
-4179a91
In base 2, what is -111 - 10110100011100011000110?
-10110100011100011001101
In base 12, what is -24648 + 60ba?
-1a54a
In base 4, what is 2303200122 - 120?
2303200002
In base 11, what is 13867 - -8a?
13946
In base 3, what is 221011202212 + -2112?
221011200100
In base 16, what is 6f + -130179?
-13010a
In base 10, what is 354704495 - 3?
354704492
In base 6, what is -255 + 130115145?
130114450
In base 11, what is -164 + 26?
-139
In base 4, what is 2 - 122210131032320?
-122210131032312
In base 9, what is 864 + -80617?
-78643
In base 16, what is 1c - -45366?
45382
In base 16, what is -11a52 - a1?
-11af3
In base 3, what is 102121222220020201 - 2?
102121222220020122
In base 10, what is 362 - 68555?
-68193
In base 8, what is -13645453 - -62?
-13645371
In base 4, what is 110312301 + 2133?
110321100
In base 12, what is -127 + -a0a2?
-a209
In base 13, what is 1b + -5cca66?
-5cca48
In base 11, what is 4424919a - 5?
44249195
In base 15, what is -ae46e4 - 8?
-ae46ec
In base 13, what is 15 - 1476558?
-1476543
In base 10, what is 506 - 1120297?
-1119791
In base 13, what is -11a + 15ccc9?
15cbac
In base 9, what is 122 - 223352?
-223230
In base 14, what is -1a3d5 + 186?
-1a24d
In base 15, what is -3 + 622ddb5?
622ddb2
In base 12, what is -b89383 - 10?
-b89393
In base 7, what is -4454 - -30010?
22223
In base 14, what is 2828 + 8cd3?
b71b
In base 6, what is 31 - 310445043?
-310445012
In base 6, what is -52212555225 + -5?
-52212555234
In base 3, what is 100 - -11220002221102?
11220002221202
In base 10, what is -63878 + 66?
-63812
In base 5, what is -301 - -3320100?
3314244
In base 15, what is 14 - 4e472c?
-4e4718
In base 10, what is -5277817 + -1?
-5277818
In base 12, what is -36ab504 - 4?
-36ab508
In base 6, what is 111315205540 + 2?
111315205542
In base 16, what is -189b903 + 6?
-189b8fd
In base 4, what is -232 - 1201023312?
-1201030210
In base 10, what is -1038075 + -9?
-1038084
In base 13, what is 59508 - -74?
5957c
In base 2, what is 111000010010101001000011 - 0?
111000010010101001000011
In base 6, what is 2 - 103125355?
-103125353
In base 9, what is 37153 - 703?
36350
In base 2, what is 100001111 - 101110001111111111001?
-101110001111011101010
In base 16, what is 88 - -abaf?
ac37
In base 6, what is 1501 + 3145401?
3151302
In base 5, what is 33223 + 13100?
101323
In base 13, what is 540478 + 6?
540481
In base 6, what is -11233 - -225222?
213545
In base 3, what is -122022 + -110220001?
-111112100
In base 8, what is -253522023 - 1?
-253522024
In base 12, what is 1 - a6a02a7?
-a6a02a6
In base 6, what is -1151432223 - -5?
-1151432214
In base 2, what is -11010001010101 + 110000000?
-11001011010101
In base 10, what is -32 - -108499?
108467
In base 15, what is 0 + 34113d?
34113d
In base 10, what is -75 + 136842?
136767
In base 3, what is 101100111212000112 - -11?
101100111212000200
In base 10, what is -106 + 1829471?
1829365
In base 4, what is -1232102 - -1030?
-1231012
In base 7, what is -16525566053 + 1?
-16525566052
In base 4, what is 11031103320223 - -2?
11031103320231
In base 8, what is 111337213 - -6?
111337221
In base 7, what is -22103101 + 133?
-22102635
In base 5, what is 401 - 2204120?
-2203214
In base 15, what is 2 - -deed9?
deedb
In base 8, what is 4611 - 157620?
-153007
In base 2, what is 11101111111100011111 - -11000110?
11101111111111100101
In base 16, what is -43913 + -3eb?
-43cfe
In base 6, what is 5 - 155554212?
-155554203
In base 8, what is -4777713 - 47?
-4777762
In base 14, what is 2 - 1d85c80?
-1d85c7c
In base 5, what is -12434 + 103123?
40134
In base 12, what is 546 - -84758?
850a2
In base 4, what is -10 + -1300310313232?
-1300310313302
In base 5, what is 1442343112434 - -4?
1442343112443
In base 13, what is -54257 - -1?
-54256
In base 11, what is 19 + -445396?
-445378
In base 7, what is -1160542006 + -2?
-1160542011
In base 11, what is 13a14 + 1729?
15642
In base 5, what is -13 + 4432304214?
4432304201
In base 10, what is -2 + -20654514?
-20654516
In base 6, what is -133342210 + -31?
-133342241
In base 10, what is 6 + 955482?
955488
In base 14, what is 487ca + -da?
486d0
In base 2, what is 101 + 110001010110110010100110111?
110001010110110010100111100
In base 11, what is 4a5 + 173528?
173a22
In base 12, what is 50 + -7357?
-7307
In base 4, what is 311213 - 22232031?
-21320212
In base 12, what is 5aaab + 152?
5b041
In base 14, what is -5 - 1bc3a01c?
-1bc3a023
In base 9, what is -510 + -4227576?
-4228186
In base 6, what is 300504000 + 3?
300504003
In base 11, what is -1 - -a211552?
a211551
In base 15, what is -18 - 158915?
-15892d
In base 2, what is 11010101010 + 1010110100100?
1110001001110
In base 3, what is 1212121 + -122102002000?
-122100012102
In base 6, what is -5011 + 223402?
214351
In base 13, what is -3 + 104297?
104294
In base 11, what is -5 - -20047862?
20047858
In base 6, what is 2003030 - 553?
2002033
In base 2, what is -101101001011111101 + -100100101?
-101101010000100010
In base 4, what is 1 - -1123113330232?
1123113330233
In base 2, what is 101 - 10111010001101010001110?
-10111010001101010001001
In base 2, what is 10111011011010100111 - -11110100?
10111011011110011011
In base 7, what is -2 - 633315210?
-633315212
In base 16, what is -4a4594 + -5?
-4a4599
In base 15, what is 1737 + a4a?
2282
In base 15, what is 43386b - -86?
433902
In base 3, what is 11210102122012 - 2111?
11210102112201
In base 8, what is 1612505 - 22?
1612463
In base 16, what is -3 + -804932?
-804935
In base 13, what is 5 + -1348769?
-1348764
In 